{"id":582,"date":"2021-04-12T10:34:33","date_gmt":"2021-04-12T08:34:33","guid":{"rendered":"https:\/\/www.spotonline.de\/shop\/?post_type=product&#038;p=582"},"modified":"2021-12-08T20:50:47","modified_gmt":"2021-12-08T19:50:47","slug":"aufkleber-kontur-geschnitten-freie-groesse","status":"publish","type":"product","link":"https:\/\/spotonline.de\/shop\/produkt\/aufkleber-kontur-geschnitten-freie-groesse\/","title":{"rendered":"Aufkleber Kontur geschnitten | freie Gr\u00f6\u00dfe"},"content":{"rendered":"<p>Aufkleber auf hochwertiger wei\u00dfer Vinylfolie gedruckt. Die maximale Einsatzdauer der Aufkleber liegt zwischen zwei bis vier Jahren.<br \/>\nDie Aufkleber k\u00f6nnen im Innen- und Au\u00dfenbereich eingesetzt werden.<\/p>\n<p>Die Kontur des Aufklebers wird nach Ihren Vorgaben geschnitten. Legen Sie bitte in Ihrer Vorlage eine Linie um Ihren Aufkleber.<\/p>\n<ul>\n<li>einseitig bedruck (4\/0 farbig)<\/li>\n<li>Mindestgr\u00f6\u00dfe 5 cm x 5 cm<\/li>\n<li>Maximale Gr\u00f6\u00dfe 130 cm x 300 cm<\/li>\n<li>Einsatzdauer zwei bis vier Jahre<\/li>\n<\/ul>\n","protected":false},"excerpt":{"rendered":"<p>Aufkleber auf wei\u00dfer Vinylfolie gedruckt, Kontur geschnitten<\/p>\n<p>&nbsp;<\/p>\n","protected":false},"featured_media":584,"template":"","meta":[],"product_cat":[67,52],"product_tag":[],"class_list":{"0":"post-582","1":"product","2":"type-product","3":"status-publish","4":"has-post-thumbnail","6":"product_cat-aufkleber","7":"product_cat-druckerzeugnisse","8":"product_shipping_class-liefergebuehren-5-eur","10":"first","11":"instock","12":"taxable","13":"shipping-taxable","14":"purchasable","15":"product-type-simple"},"tiered_pricing_type":"fixed","tiered_pricing_fixed_rules":[],"tiered_pricing_percentage_rules":[],"tiered_pricing_minimum":1,"_administrator_tiered_pricing_type":"fixed","_administrator_tiered_pricing_fixed_rules":[],"_editor_tiered_pricing_type":"fixed","_editor_tiered_pricing_fixed_rules":[],"_author_tiered_pricing_type":"fixed","_author_tiered_pricing_fixed_rules":[],"_contributor_tiered_pricing_type":"fixed","_contributor_tiered_pricing_fixed_rules":[],"_subscriber_tiered_pricing_type":"fixed","_subscriber_tiered_pricing_fixed_rules":[],"_customer_tiered_pricing_type":"fixed","_customer_tiered_pricing_fixed_rules":[],"_shop_manager_tiered_pricing_type":"fixed","_shop_manager_tiered_pricing_fixed_rules":[],"_guest_tiered_pricing_type":"fixed","_guest_tiered_pricing_fixed_rules":[],"_wpseo_manager_tiered_pricing_type":"fixed","_wpseo_manager_tiered_pricing_fixed_rules":[],"_wpseo_editor_tiered_pricing_type":"fixed","_wpseo_editor_tiered_pricing_fixed_rules":[],"yoast_head":"<!-- This site is optimized with the Yoast SEO plugin v24.0 - https:\/\/yoast.com\/wordpress\/plugins\/seo\/ -->\n<title>Aufkleber Kontur geschnitten | freie Gr\u00f6\u00dfe | spotonline shop<\/title>\n<meta name=\"description\" content=\"Aufkleber einseitig auf hochwertiger wei\u00dfer Vinylfolie gedruckt. Die Kontur des Aufklebers wird nach Ihren Vorgaben geschnitten.\" \/>\n<meta name=\"robots\" content=\"index, follow, max-snippet:-1, max-image-preview:large, max-video-preview:-1\" \/>\n<link rel=\"canonical\" href=\"https:\/\/spotonline.de\/shop\/produkt\/aufkleber-kontur-geschnitten-freie-groesse\/\" \/>\n<meta property=\"og:locale\" content=\"de_DE\" \/>\n<meta property=\"og:type\" content=\"article\" \/>\n<meta property=\"og:title\" content=\"Aufkleber Kontur geschnitten | freie Gr\u00f6\u00dfe | spotonline shop\" \/>\n<meta property=\"og:description\" content=\"Aufkleber einseitig auf hochwertiger wei\u00dfer Vinylfolie gedruckt. Die Kontur des Aufklebers wird nach Ihren Vorgaben geschnitten.\" \/>\n<meta property=\"og:url\" content=\"https:\/\/spotonline.de\/shop\/produkt\/aufkleber-kontur-geschnitten-freie-groesse\/\" \/>\n<meta property=\"og:site_name\" content=\"spotonline shop\" \/>\n<meta property=\"article:publisher\" content=\"https:\/\/www.facebook.com\/spotonlineruhland\" \/>\n<meta property=\"article:modified_time\" content=\"2021-12-08T19:50:47+00:00\" \/>\n<meta property=\"og:image\" content=\"https:\/\/spotonline.de\/shop\/wp-content\/uploads\/2021\/04\/aufkleber_kontur.png\" \/>\n\t<meta property=\"og:image:width\" content=\"800\" \/>\n\t<meta property=\"og:image:height\" content=\"800\" \/>\n\t<meta property=\"og:image:type\" content=\"image\/png\" \/>\n<meta name=\"twitter:card\" content=\"summary_large_image\" \/>\n<script type=\"application\/ld+json\" class=\"yoast-schema-graph\">{\"@context\":\"https:\/\/schema.org\",\"@graph\":[{\"@type\":\"WebPage\",\"@id\":\"https:\/\/spotonline.de\/shop\/produkt\/aufkleber-kontur-geschnitten-freie-groesse\/\",\"url\":\"https:\/\/spotonline.de\/shop\/produkt\/aufkleber-kontur-geschnitten-freie-groesse\/\",\"name\":\"Aufkleber Kontur geschnitten | freie Gr\u00f6\u00dfe | spotonline shop\",\"isPartOf\":{\"@id\":\"https:\/\/spotonline.de\/shop\/#website\"},\"primaryImageOfPage\":{\"@id\":\"https:\/\/spotonline.de\/shop\/produkt\/aufkleber-kontur-geschnitten-freie-groesse\/#primaryimage\"},\"image\":{\"@id\":\"https:\/\/spotonline.de\/shop\/produkt\/aufkleber-kontur-geschnitten-freie-groesse\/#primaryimage\"},\"thumbnailUrl\":\"https:\/\/spotonline.de\/shop\/wp-content\/uploads\/2021\/04\/aufkleber_kontur.png\",\"datePublished\":\"2021-04-12T08:34:33+00:00\",\"dateModified\":\"2021-12-08T19:50:47+00:00\",\"description\":\"Aufkleber einseitig auf hochwertiger wei\u00dfer Vinylfolie gedruckt. Die Kontur des Aufklebers wird nach Ihren Vorgaben geschnitten.\",\"breadcrumb\":{\"@id\":\"https:\/\/spotonline.de\/shop\/produkt\/aufkleber-kontur-geschnitten-freie-groesse\/#breadcrumb\"},\"inLanguage\":\"de\",\"potentialAction\":[{\"@type\":\"ReadAction\",\"target\":[\"https:\/\/spotonline.de\/shop\/produkt\/aufkleber-kontur-geschnitten-freie-groesse\/\"]}]},{\"@type\":\"ImageObject\",\"inLanguage\":\"de\",\"@id\":\"https:\/\/spotonline.de\/shop\/produkt\/aufkleber-kontur-geschnitten-freie-groesse\/#primaryimage\",\"url\":\"https:\/\/spotonline.de\/shop\/wp-content\/uploads\/2021\/04\/aufkleber_kontur.png\",\"contentUrl\":\"https:\/\/spotonline.de\/shop\/wp-content\/uploads\/2021\/04\/aufkleber_kontur.png\",\"width\":800,\"height\":800,\"caption\":\"Aufkleber mit Kontur geschnitten\"},{\"@type\":\"BreadcrumbList\",\"@id\":\"https:\/\/spotonline.de\/shop\/produkt\/aufkleber-kontur-geschnitten-freie-groesse\/#breadcrumb\",\"itemListElement\":[{\"@type\":\"ListItem\",\"position\":1,\"name\":\"Startseite\",\"item\":\"https:\/\/spotonline.de\/shop\/\"},{\"@type\":\"ListItem\",\"position\":2,\"name\":\"Druckerzeugnisse, Textildrucke und Lifestyle\",\"item\":\"https:\/\/spotonline.de\/shop\/\"},{\"@type\":\"ListItem\",\"position\":3,\"name\":\"Aufkleber Kontur geschnitten | freie Gr\u00f6\u00dfe\"}]},{\"@type\":\"WebSite\",\"@id\":\"https:\/\/spotonline.de\/shop\/#website\",\"url\":\"https:\/\/spotonline.de\/shop\/\",\"name\":\"spotonline shop\",\"description\":\"Shop f\u00fcr Druckerzeugnisse, T-Shirts, Leinwandbilder\",\"publisher\":{\"@id\":\"https:\/\/spotonline.de\/shop\/#organization\"},\"potentialAction\":[{\"@type\":\"SearchAction\",\"target\":{\"@type\":\"EntryPoint\",\"urlTemplate\":\"https:\/\/spotonline.de\/shop\/?s={search_term_string}\"},\"query-input\":{\"@type\":\"PropertyValueSpecification\",\"valueRequired\":true,\"valueName\":\"search_term_string\"}}],\"inLanguage\":\"de\"},{\"@type\":\"Organization\",\"@id\":\"https:\/\/spotonline.de\/shop\/#organization\",\"name\":\"spotonline\",\"url\":\"https:\/\/spotonline.de\/shop\/\",\"logo\":{\"@type\":\"ImageObject\",\"inLanguage\":\"de\",\"@id\":\"https:\/\/spotonline.de\/shop\/#\/schema\/logo\/image\/\",\"url\":\"https:\/\/spotonline.de\/shop\/wp-content\/uploads\/2021\/03\/logo_trans_2_zu_1.png\",\"contentUrl\":\"https:\/\/spotonline.de\/shop\/wp-content\/uploads\/2021\/03\/logo_trans_2_zu_1.png\",\"width\":1000,\"height\":500,\"caption\":\"spotonline\"},\"image\":{\"@id\":\"https:\/\/spotonline.de\/shop\/#\/schema\/logo\/image\/\"},\"sameAs\":[\"https:\/\/www.facebook.com\/spotonlineruhland\",\"https:\/\/www.instagram.com\/spotonlineruhland\",\"https:\/\/www.linkedin.com\/company\/spotonline\"]}]}<\/script>\n<!-- \/ Yoast SEO plugin. -->","yoast_head_json":{"title":"Aufkleber Kontur geschnitten | freie Gr\u00f6\u00dfe | spotonline shop","description":"Aufkleber einseitig auf hochwertiger wei\u00dfer Vinylfolie gedruckt. Die Kontur des Aufklebers wird nach Ihren Vorgaben geschnitten.","robots":{"index":"index","follow":"follow","max-snippet":"max-snippet:-1","max-image-preview":"max-image-preview:large","max-video-preview":"max-video-preview:-1"},"canonical":"https:\/\/spotonline.de\/shop\/produkt\/aufkleber-kontur-geschnitten-freie-groesse\/","og_locale":"de_DE","og_type":"article","og_title":"Aufkleber Kontur geschnitten | freie Gr\u00f6\u00dfe | spotonline shop","og_description":"Aufkleber einseitig auf hochwertiger wei\u00dfer Vinylfolie gedruckt. Die Kontur des Aufklebers wird nach Ihren Vorgaben geschnitten.","og_url":"https:\/\/spotonline.de\/shop\/produkt\/aufkleber-kontur-geschnitten-freie-groesse\/","og_site_name":"spotonline shop","article_publisher":"https:\/\/www.facebook.com\/spotonlineruhland","article_modified_time":"2021-12-08T19:50:47+00:00","og_image":[{"width":800,"height":800,"url":"https:\/\/spotonline.de\/shop\/wp-content\/uploads\/2021\/04\/aufkleber_kontur.png","type":"image\/png"}],"twitter_card":"summary_large_image","schema":{"@context":"https:\/\/schema.org","@graph":[{"@type":"WebPage","@id":"https:\/\/spotonline.de\/shop\/produkt\/aufkleber-kontur-geschnitten-freie-groesse\/","url":"https:\/\/spotonline.de\/shop\/produkt\/aufkleber-kontur-geschnitten-freie-groesse\/","name":"Aufkleber Kontur geschnitten | freie Gr\u00f6\u00dfe | spotonline shop","isPartOf":{"@id":"https:\/\/spotonline.de\/shop\/#website"},"primaryImageOfPage":{"@id":"https:\/\/spotonline.de\/shop\/produkt\/aufkleber-kontur-geschnitten-freie-groesse\/#primaryimage"},"image":{"@id":"https:\/\/spotonline.de\/shop\/produkt\/aufkleber-kontur-geschnitten-freie-groesse\/#primaryimage"},"thumbnailUrl":"https:\/\/spotonline.de\/shop\/wp-content\/uploads\/2021\/04\/aufkleber_kontur.png","datePublished":"2021-04-12T08:34:33+00:00","dateModified":"2021-12-08T19:50:47+00:00","description":"Aufkleber einseitig auf hochwertiger wei\u00dfer Vinylfolie gedruckt. Die Kontur des Aufklebers wird nach Ihren Vorgaben geschnitten.","breadcrumb":{"@id":"https:\/\/spotonline.de\/shop\/produkt\/aufkleber-kontur-geschnitten-freie-groesse\/#breadcrumb"},"inLanguage":"de","potentialAction":[{"@type":"ReadAction","target":["https:\/\/spotonline.de\/shop\/produkt\/aufkleber-kontur-geschnitten-freie-groesse\/"]}]},{"@type":"ImageObject","inLanguage":"de","@id":"https:\/\/spotonline.de\/shop\/produkt\/aufkleber-kontur-geschnitten-freie-groesse\/#primaryimage","url":"https:\/\/spotonline.de\/shop\/wp-content\/uploads\/2021\/04\/aufkleber_kontur.png","contentUrl":"https:\/\/spotonline.de\/shop\/wp-content\/uploads\/2021\/04\/aufkleber_kontur.png","width":800,"height":800,"caption":"Aufkleber mit Kontur geschnitten"},{"@type":"BreadcrumbList","@id":"https:\/\/spotonline.de\/shop\/produkt\/aufkleber-kontur-geschnitten-freie-groesse\/#breadcrumb","itemListElement":[{"@type":"ListItem","position":1,"name":"Startseite","item":"https:\/\/spotonline.de\/shop\/"},{"@type":"ListItem","position":2,"name":"Druckerzeugnisse, Textildrucke und Lifestyle","item":"https:\/\/spotonline.de\/shop\/"},{"@type":"ListItem","position":3,"name":"Aufkleber Kontur geschnitten | freie Gr\u00f6\u00dfe"}]},{"@type":"WebSite","@id":"https:\/\/spotonline.de\/shop\/#website","url":"https:\/\/spotonline.de\/shop\/","name":"spotonline shop","description":"Shop f\u00fcr Druckerzeugnisse, T-Shirts, Leinwandbilder","publisher":{"@id":"https:\/\/spotonline.de\/shop\/#organization"},"potentialAction":[{"@type":"SearchAction","target":{"@type":"EntryPoint","urlTemplate":"https:\/\/spotonline.de\/shop\/?s={search_term_string}"},"query-input":{"@type":"PropertyValueSpecification","valueRequired":true,"valueName":"search_term_string"}}],"inLanguage":"de"},{"@type":"Organization","@id":"https:\/\/spotonline.de\/shop\/#organization","name":"spotonline","url":"https:\/\/spotonline.de\/shop\/","logo":{"@type":"ImageObject","inLanguage":"de","@id":"https:\/\/spotonline.de\/shop\/#\/schema\/logo\/image\/","url":"https:\/\/spotonline.de\/shop\/wp-content\/uploads\/2021\/03\/logo_trans_2_zu_1.png","contentUrl":"https:\/\/spotonline.de\/shop\/wp-content\/uploads\/2021\/03\/logo_trans_2_zu_1.png","width":1000,"height":500,"caption":"spotonline"},"image":{"@id":"https:\/\/spotonline.de\/shop\/#\/schema\/logo\/image\/"},"sameAs":["https:\/\/www.facebook.com\/spotonlineruhland","https:\/\/www.instagram.com\/spotonlineruhland","https:\/\/www.linkedin.com\/company\/spotonline"]}]}},"_links":{"self":[{"href":"https:\/\/spotonline.de\/shop\/wp-json\/wp\/v2\/product\/582","targetHints":{"allow":["GET"]}}],"collection":[{"href":"https:\/\/spotonline.de\/shop\/wp-json\/wp\/v2\/product"}],"about":[{"href":"https:\/\/spotonline.de\/shop\/wp-json\/wp\/v2\/types\/product"}],"wp:featuredmedia":[{"embeddable":true,"href":"https:\/\/spotonline.de\/shop\/wp-json\/wp\/v2\/media\/584"}],"wp:attachment":[{"href":"https:\/\/spotonline.de\/shop\/wp-json\/wp\/v2\/media?parent=582"}],"wp:term":[{"taxonomy":"product_cat","embeddable":true,"href":"https:\/\/spotonline.de\/shop\/wp-json\/wp\/v2\/product_cat?post=582"},{"taxonomy":"product_tag","embeddable":true,"href":"https:\/\/spotonline.de\/shop\/wp-json\/wp\/v2\/product_tag?post=582"}],"curies":[{"name":"wp","href":"https:\/\/api.w.org\/{rel}","templated":true}]}}